, 79
Suppose z + 1452 = -11*z. Let t = z + 180. Suppose 4*a - 89 = t. List the prime factors of a.
37
Let g(a) = -a**3 - 3*a - 3. Let n be g(-1). Let t(p) = 444*p + 4. What are the prime factors of t(n)?
2, 7
Suppose 4*a = -3*z + 6*a + 12173, -3*a = -6. List the prime factors of z.
3, 11, 41
Suppose 0*k - 4*k = -888. Let y(s) = 47*s + 663. Let m be y(-14). Suppose -2*t = -m*v - k, 1 + 15 = -4*v. List the prime factors of t.
101
Let b be 206/4 - ((-15)/(-6))/5. Let d = b + 148. What are the prime factors of d?
199
Let y = 5314 + -3852. What are the prime factors of y?
2, 17, 43
Suppose 30*m + 139071 = -90597 + 930888. List the prime factors of m.
2, 13, 29, 31
Let w be 38/(-9) + 2/9. Let l(v) be the first derivative of -v**4/4 + 4*v**3/3 + 2*v**2 + 2*v - 37. What are the prime factors of l(w)?
2, 3, 19
Let b(j) = j**3 + 13*j**2 - 42*j - 51. What are the prime factors of b(15)?
3, 1873
Let z(r) = 1 + 5*r + 34 - 1. Suppose 2 + 0 = -3*s - 4*x, 20 = 5*x. What are the prime factors of z(s)?
2
Suppose -3*f = -6*f + 2*w + 31, -20 = -2*f + 2*w. List the prime factors of f/(((-9)/(-732))/(6/8)).
11, 61
Suppose -3*t = -14*j + 9*j + 309447, -5*t = -30. List the prime factors of j.
3, 13, 23
Let p be ((-2)/(-6) + -3)*1*36. Let d = p - -49. Let v = d + 57. List the prime factors of v.
2, 5
Suppose 30383 = 5*z + 13*v - 10*v, -2*z - 5*v + 12157 = 0. List the prime factors of z.
2, 7, 31
Suppose 3*r + 24505 - 1482 = 5*c, 9222 = 2*c + 2*r. List the prime factors of c.
17, 271
Suppose 1178*u - 1197*u = 1273. Let h be (4/2 - 1) + -122. Let f = u - h. What are the prime factors of f?
2, 3
Suppose -110*y + 208*y = 115*y - 96203. What are the prime factors of y?
5659
Suppose 68760 = 700*t - 688*t. What are the prime factors of t?
2, 3, 5, 191
Let v(d) = d**3 - 7*d**2 - 61*d + 4. Let b be v(11). List the prime factors of 61/b + 3424/3.
7, 163
Let b = -16317 + 39623. What are the prime factors of b?
2, 43, 271
Let l = 62 + -34. Let g = l - -19. List the prime factors of g.
47
Let w = 1735 + 51078. What are the prime factors of w?
52813
Let i = -30692 - -54817. What are the prime factors of i?
5, 193
Suppose 5*q - 27 = 2*y - 0*y, -2*y = q - 3. What are the prime factors of y/7 + (-448980)/(-294)?
3, 509
Suppose -4*h - 4*c + 7*c = -1, c - 1 = h. Suppose 2*g = 0, -h*g + 248 = 4*v - 1144. What are the prime factors of v?
2, 3, 29
Let g be 43/9 - 4/(-18). Suppose -2*w + 1766 = 4*p, 0 = p - 3*p + g*w + 865. What are the prime factors of p?
2, 5, 11
Suppose -669 - 2040 = -21*b. Let c = 135 - b. Suppose -c*m + 733 = -359. List the prime factors of m.
2, 7, 13
Suppose 4*t - 4128 = 3*s, -3*s = 3*t + 1932 + 2217. Let d = -966 - s. What are the prime factors of d?
2, 3, 23
Suppose -7*o + 12*o = 0. Suppose i = -3*g + 23, 0 = -3*g - 4*i - o*i + 38. List the prime factors of (2/g)/((-8)/(-1056)).
2, 11
Let q(c) = 73*c + 982. What are the prime factors of q(8)?
2, 3, 29
Suppose 3*z + 2*z = 35. Let s = 99 - 95. Suppose 5*f - 359 = s*h, -5*h - 360 = -z*f + 2*f. List the prime factors of f.
71
Let b(i) be the second derivative of 0 - 1/2*i**2 + 5/3*i**3 + 4*i. What are the prime factors of b(8)?
79
Let z(y) = -1075*y**3 + 101 - 4*y + 2*y + y**2 + 1074*y**3. List the prime factors of z(0).
101
Let b(u) = 2*u**2 - 7*u - 13. Let z be b(6). Let r(h) = 8*h**2 - 2. Let k be r(3). Let q = z + k. List the prime factors of q.
3, 29
Suppose -c = -5*c + l + 1942, 0 = c - 5*l - 476. Suppose 0 = -r + 4*r - 3*x - c, -312 = -2*r - 4*x. List the prime factors of r.
2, 5
Suppose 0 = -3*n + 4315 - 697. Suppose 1152 = 9*c - n. List the prime factors of c.
2, 131
Let w(f) = 51*f + 1190. What are the prime factors of w(-4)?
2, 17, 29
Suppose 0 = -72*n + 50102 + 154990 + 432756. What are the prime factors of n?
3, 2953
Let r(i) = -i**2 + 4*i + 10. Let x be r(-2). List the prime factors of x*1930/(-8)*4/10.
193
Suppose 32 - 6 = 2*q. Let w be q/(39/18) - 3. List the prime factors of (32 + w)*(-12)/(-14).
2, 3, 5
Suppose 5*o = u + 61, -o = 2*o - 9. Let b = 49 + u. List the prime factors of (-614)/(-6) - (-2)/b.
103
List the prime factors of -1 + (-85)/(-55) + 138384/33.
2, 3, 233
Suppose -4*a - 3*t + 32 = -629, 5*t = 15. Let w = a - -509. What are the prime factors of w?
2, 3, 7
Suppose 16*z = 11*z + 50. What are the prime factors of 19214/34 + z/(-85)?
5, 113
Let d(f) = 50*f + 1336. List the prime factors of d(37).
2, 3, 59
Suppose 5*a - 3*u - 1732 = 0, -3*a - 5*u = 2*a - 1740. Let m(c) = -c**3 - 13*c**2 + c + 42. Let i be m(-17). Suppose 6*k = i - a. List the prime factors of k.
139
Let h be 658/6 - 1/(-3). Let b be -3 + -1 + -5 - -35. Suppose h = c - 5*l, 3*l + b = 5*c - 436. List the prime factors of c.
2, 3, 5
Let a(j) = 16*j - 64. Let d be a(-7). Let q = 467 + d. What are the prime factors of q?
3, 97
Let f(s) = 13*s**2 + 13*s - 88. Let n be f(6). Suppose 5*z - 3110 = -5*i, 174 + n = i - 4*z. List the prime factors of i.
2, 3, 13
Suppose -42048 = -3*s - 15*g + 12*g, 0 = 5*s + 4*g - 70083. List the prime factors of s.
3, 4673
Let s(r) = r**3 - r**2 - r + 890. Let n be s(0). Suppose -n = -12*i + 118. What are the prime factors of i?
2, 3, 7
List the prime factors of 1*2*(1 - 6 - (-488187)/82).
11897
List the prime factors of (94 + 112)/(2/40).
2, 5, 103
Let k = 16831 - -24470. List the prime factors of k.
3, 13, 353
Let b(g) = -398*g + 232. List the prime factors of b(-27).
2, 11, 499
Let u = 94 + -127. Let t = 261 - u. What are the prime factors of t?
2, 3, 7
Suppose -26*f = -22*f + 324. Let p = f - -85. Suppose n + 2*j = -0*n + 35, p*j = 5*n - 105. List the prime factors of n.
5
Suppose 6*u - 11*u = -4*c - 16, 11 = -5*c + 4*u. Let m(b) = 337*b**2 + 37*b - 36. List the prime factors of m(c).
2, 13
Let c = 1197 + -597. What are the prime factors of c/18*(-150)/(-5)?
2, 5
Let v(a) = -13*a**2 - 586*a + 80. What are the prime factors of v(-45)?
5
Suppose -3671 = -2*g - 3*x, 5*g - 2*g = 4*x + 5532. Suppose -4*h - 2*o = 398 - 2214, -4*h + g = -4*o. What are the prime factors of h?
2, 3, 19
Suppose 20 = 10*y - 30. Suppose 4*j + 2*s = -2*s + 932, 0 = 5*j - y*s - 1195. List the prime factors of j.
2, 59
Let p(z) be the third derivative of z**5/60 - 7*z**4/24 - z**3/2 + 14*z**2. Let t be p(7). What are the prime factors of t/(-2)*(-2340)/(-54)?
5, 13
Let r be (24/(-15))/(44/(-110)). List the prime factors of (r/(-8))/((-19555)/(-4890) - 4).
3, 163
Let k(x) = 5*x - 143. Let m be k(29). Suppose m*i - 908 = -s + 489, 5*i + 5*s = 3485. List the prime factors of i.
2, 5, 7
Suppose 4*d - 292024 = 2*h, 29*d + 3*h + 73001 = 30*d. What are the prime factors of d?
11, 6637
Let q be (-1)/6*-3 - (-1964)/8. Let u be 18/12 + q/(-4). Let p = u - -89. What are the prime factors of p?
29
Let z(b) = 5*b - 1. Let r(v) = 3*v - 2. Let y be r(1). Let l be z(y). Suppose 0 = -l*s + 46 + 82. List the prime factors of s.
2
Let m = 50570 + -27460. What are the prime factors of m?
2, 5, 2311
Suppose 3*v - 4*h + 12 = 0, -3*v - 2*h + 3 + 3 = 0. Suppose v = -x - 4*g - 8, -2 = 8*g - 6*g. List the prime factors of ((-2 - x) + -5)/((-6)/118).
59
Suppose -4*m = -71 + 63. Suppose -3*r + 238 = m*h - 2*r, -3*r = -4*h + 476. Let s = -62 + h. List the prime factors of s.
3, 19
Let v(c) = -609*c**3 + c**2 + 7*c + 7. Suppose 146*g = 125*g - 21. What are the prime factors of v(g)?
2, 5, 61
Let s(y) = y**2 + 19*y - 16. Let n be s(-10). Let i = n - -135. Let a = 120 + i. What are the prime factors of a?
149
Let s be 4/(-6) - 1058/(-138). Let z be ((-4)/5)/((-2)/25). Suppose z*f - 171 = s*f. What are the prime factors of f?
3, 19
Suppose -2430 - 3786 = 84*h. Let s be (38/(-6))/(2/6). Let z = s - h. What are the prime factors of z?
5, 11
Suppose 0 = -h + n + 40579, -n = 5*h - 28113 - 174782. What are the prime factors of h?
7, 11, 17, 31
Suppose -33 = -5*i - 4*g, 5*g - 6*g + 2 = 0. Suppose 7*p + 44 = i*p. What are the prime factors of (p/(-6) + 1)*21?
2, 7
Let w = 1480 - -1783. Suppose w = 7*o - 9127. Suppose -20*t = -10*t - o. What are the prime factors of t?
3, 59
Let w(c) = c**3 - 30*c**2 - c + 28. Let a be w(30). What are the prime factors of (-1 + a + 2)/((-2)/388)?
2, 97
Suppose 60*h - 63*h + 66 = 0. Suppose h*a + 6894 = 40*a. List the prime factors of a.
383
Let w = 1666 + 2841. What are the prime factors of w?
4507
Suppose -110 = -22*z + 22. What ar